{"version":"1.0","provider_name":"FecBurgos","provider_url":"https:\/\/fecburgos.com","author_name":"federaci\u00f3n","author_url":"https:\/\/fecburgos.com\/index.php\/archivos\/author\/burcomer","title":"Salario M\u00ednimo Interprofesional 2025 - FecBurgos","type":"rich","width":600,"height":338,"html":"<blockquote class=\"wp-embedded-content\" data-secret=\"rxEqYw2BzJ\"><a href=\"https:\/\/fecburgos.com\/index.php\/archivos\/17291\">Salario M\u00ednimo Interprofesional 2025<\/a><\/blockquote><iframe sandbox=\"allow-scripts\" security=\"restricted\" src=\"https:\/\/fecburgos.com\/index.php\/archivos\/17291\/embed#?secret=rxEqYw2BzJ\" width=\"600\" height=\"338\" title=\"\u00abSalario M\u00ednimo Interprofesional 2025\u00bb \u2014 FecBurgos\" data-secret=\"rxEqYw2BzJ\" frameborder=\"0\" marginwidth=\"0\" marginheight=\"0\" scrolling=\"no\" class=\"wp-embedded-content\"><\/iframe><script>\n\/*! This file is auto-generated *\/\n!function(d,l){\"use strict\";l.querySelector&&d.addEventListener&&\"undefined\"!=typeof URL&&(d.wp=d.wp||{},d.wp.receiveEmbedMessage||(d.wp.receiveEmbedMessage=function(e){var t=e.data;if((t||t.secret||t.message||t.value)&&!\/[^a-zA-Z0-9]\/.test(t.secret)){for(var s,r,n,a=l.querySelectorAll('iframe[data-secret=\"'+t.secret+'\"]'),o=l.querySelectorAll('blockquote[data-secret=\"'+t.secret+'\"]'),c=new RegExp(\"^https?:$\",\"i\"),i=0;i<o.length;i++)o[i].style.display=\"none\";for(i=0;i<a.length;i++)s=a[i],e.source===s.contentWindow&&(s.removeAttribute(\"style\"),\"height\"===t.message?(1e3<(r=parseInt(t.value,10))?r=1e3:~~r<200&&(r=200),s.height=r):\"link\"===t.message&&(r=new URL(s.getAttribute(\"src\")),n=new URL(t.value),c.test(n.protocol))&&n.host===r.host&&l.activeElement===s&&(d.top.location.href=t.value))}},d.addEventListener(\"message\",d.wp.receiveEmbedMessage,!1),l.addEventListener(\"DOMContentLoaded\",function(){for(var e,t,s=l.querySelectorAll(\"iframe.wp-embedded-content\"),r=0;r<s.length;r++)(t=(e=s[r]).getAttribute(\"data-secret\"))||(t=Math.random().toString(36).substring(2,12),e.src+=\"#?secret=\"+t,e.setAttribute(\"data-secret\",t)),e.contentWindow.postMessage({message:\"ready\",secret:t},\"*\")},!1)))}(window,document);\n\/\/# sourceURL=https:\/\/fecburgos.com\/wp-includes\/js\/wp-embed.min.js\n<\/script>\n","thumbnail_url":"https:\/\/fecburgos.com\/wp-content\/uploads\/2024\/08\/Plantilla-Blog-1.png","thumbnail_width":400,"thumbnail_height":400,"description":"El pasado 12 de febrero se public\u00f3 en el BOE el Real Decreto 87\/2025, de 11 de febrero, que establece el salario m\u00ednimo interprofesional para 2025. La Confederaci\u00f3n Espa\u00f1ola de Comercio (CEC) ha alertado sobre el impacto negativo que esta subida podr\u00eda tener en las peque\u00f1as empresas del comercio de.."}

federación

Salario Mínimo Interprofesional 2025 - FecBurgos

<blockquote class="wp-embedded-content" data-secret="rxEqYw2BzJ"><a href="https://fecburgos.com/index.php/archivos/17291">Salario Mínimo Interprofesional 2025</a></blockquote><iframe sandbox="allow-scripts" security="restricted" src="https://fecburgos.com/index.php/archivos/17291/embed#?secret=rxEqYw2BzJ" width="600" height="338" title="«Salario Mínimo Interprofesional 2025» — FecBurgos" data-secret="rxEqYw2BzJ" frameborder="0" marginwidth="0" marginheight="0" scrolling="no" class="wp-embedded-content"></iframe><script>
/*! This file is auto-generated */
!function(d,l){"use strict";l.querySelector&&d.addEventListener&&"undefined"!=typeof URL&&(d.wp=d.wp||{},d.wp.receiveEmbedMessage||(d.wp.receiveEmbedMessage=function(e){var t=e.data;if((t||t.secret||t.message||t.value)&&!/[^a-zA-Z0-9]/.test(t.secret)){for(var s,r,n,a=l.querySelectorAll('iframe[data-secret="'+t.secret+'"]'),o=l.querySelectorAll('blockquote[data-secret="'+t.secret+'"]'),c=new RegExp("^https?:$","i"),i=0;i<o.length;i++)o[i].style.display="none";for(i=0;i<a.length;i++)s=a[i],e.source===s.contentWindow&&(s.removeAttribute("style"),"height"===t.message?(1e3<(r=parseInt(t.value,10))?r=1e3:~~r<200&&(r=200),s.height=r):"link"===t.message&&(r=new URL(s.getAttribute("src")),n=new URL(t.value),c.test(n.protocol))&&n.host===r.host&&l.activeElement===s&&(d.top.location.href=t.value))}},d.addEventListener("message",d.wp.receiveEmbedMessage,!1),l.addEventListener("DOMContentLoaded",function(){for(var e,t,s=l.querySelectorAll("iframe.wp-embedded-content"),r=0;r<s.length;r++)(t=(e=s[r]).getAttribute("data-secret"))||(t=Math.random().toString(36).substring(2,12),e.src+="#?secret="+t,e.setAttribute("data-secret",t)),e.contentWindow.postMessage({message:"ready",secret:t},"*")},!1)))}(window,document);
//# sourceURL=https://fecburgos.com/wp-includes/js/wp-embed.min.js
</script>

El pasado 12 de febrero se publicó en el BOE el Real Decreto 87/2025, de 11 de febrero, que establece el salario mínimo interprofesional para 2025. La Confederación Española de Comercio (CEC) ha alertado sobre el impacto negativo que esta subida podría tener en las pequeñas empresas del comercio de..
