{"version":"1.0","provider_name":"FecBurgos","provider_url":"https:\/\/fecburgos.com","author_name":"comerbur","author_url":"https:\/\/fecburgos.com\/index.php\/archivos\/author\/comerbur","title":"Pablo y Mayaya. Cuando los complementos son los protagonistas - FecBurgos","type":"rich","width":600,"height":338,"html":"<blockquote class=\"wp-embedded-content\" data-secret=\"c4LY9ohILF\"><a href=\"https:\/\/fecburgos.com\/index.php\/archivos\/1140\">Pablo y Mayaya. Cuando los complementos son los protagonistas<\/a><\/blockquote><iframe sandbox=\"allow-scripts\" security=\"restricted\" src=\"https:\/\/fecburgos.com\/index.php\/archivos\/1140\/embed#?secret=c4LY9ohILF\" width=\"600\" height=\"338\" title=\"\u00abPablo y Mayaya. Cuando los complementos son los protagonistas\u00bb \u2014 FecBurgos\" data-secret=\"c4LY9ohILF\" frameborder=\"0\" marginwidth=\"0\" marginheight=\"0\" scrolling=\"no\" class=\"wp-embedded-content\"><\/iframe><script>\n\/*! This file is auto-generated *\/\n!function(d,l){\"use strict\";l.querySelector&&d.addEventListener&&\"undefined\"!=typeof URL&&(d.wp=d.wp||{},d.wp.receiveEmbedMessage||(d.wp.receiveEmbedMessage=function(e){var t=e.data;if((t||t.secret||t.message||t.value)&&!\/[^a-zA-Z0-9]\/.test(t.secret)){for(var s,r,n,a=l.querySelectorAll('iframe[data-secret=\"'+t.secret+'\"]'),o=l.querySelectorAll('blockquote[data-secret=\"'+t.secret+'\"]'),c=new RegExp(\"^https?:$\",\"i\"),i=0;i<o.length;i++)o[i].style.display=\"none\";for(i=0;i<a.length;i++)s=a[i],e.source===s.contentWindow&&(s.removeAttribute(\"style\"),\"height\"===t.message?(1e3<(r=parseInt(t.value,10))?r=1e3:~~r<200&&(r=200),s.height=r):\"link\"===t.message&&(r=new URL(s.getAttribute(\"src\")),n=new URL(t.value),c.test(n.protocol))&&n.host===r.host&&l.activeElement===s&&(d.top.location.href=t.value))}},d.addEventListener(\"message\",d.wp.receiveEmbedMessage,!1),l.addEventListener(\"DOMContentLoaded\",function(){for(var e,t,s=l.querySelectorAll(\"iframe.wp-embedded-content\"),r=0;r<s.length;r++)(t=(e=s[r]).getAttribute(\"data-secret\"))||(t=Math.random().toString(36).substring(2,12),e.src+=\"#?secret=\"+t,e.setAttribute(\"data-secret\",t)),e.contentWindow.postMessage({message:\"ready\",secret:t},\"*\")},!1)))}(window,document);\n\/\/# sourceURL=https:\/\/fecburgos.com\/wp-includes\/js\/wp-embed.min.js\n<\/script>\n","thumbnail_url":"https:\/\/fecburgos.com\/wp-content\/uploads\/2020\/05\/Captura4.jpg","thumbnail_width":602,"thumbnail_height":539,"description":"Dentro de la semana de la Moda MOBU 2019, se ha celebrado el martes d\u00eda 15 de octubre la jornada LOS COMPLEMENTOS MARCAN LA DIFERENCIA, con unos invitados de excepci\u00f3n, Pablo y Mayaya de la prestigiosa firma de sombreros que llevan su nombre. Una Jornada, desarrollada en colaboraci\u00f3n con el Ayuntamiento de Burgos, en la que se ha detallado la importancia de los complementos como elementos diferenciadores de los looks, que transforman prendas y mejoran los estilismos."}

Dentro de la semana de la Moda MOBU 2019, se ha celebrado el martes día 15 de octubre la jornada LOS COMPLEMENTOS MARCAN LA DIFERENCIA, con unos invitados de excepción, Pablo y Mayaya de la prestigiosa firma de sombreros que llevan su nombre. Una Jornada, desarrollada en colaboración con el Ayuntamiento de Burgos, en la que se ha detallado la importancia de los complementos como elementos diferenciadores de los looks, que transforman prendas y mejoran los estilismos.
