{"version":"1.0","provider_name":"FecBurgos","provider_url":"https:\/\/fecburgos.com","author_name":"comerbur","author_url":"https:\/\/fecburgos.com\/index.php\/archivos\/author\/comerbur","title":"Asamblea General Ordinaria - FecBurgos","type":"rich","width":600,"height":338,"html":"<blockquote class=\"wp-embedded-content\" data-secret=\"RUdtDvT6OM\"><a href=\"https:\/\/fecburgos.com\/index.php\/archivos\/10053\">Asamblea General Ordinaria<\/a><\/blockquote><iframe sandbox=\"allow-scripts\" security=\"restricted\" src=\"https:\/\/fecburgos.com\/index.php\/archivos\/10053\/embed#?secret=RUdtDvT6OM\" width=\"600\" height=\"338\" title=\"\u00abAsamblea General Ordinaria\u00bb \u2014 FecBurgos\" data-secret=\"RUdtDvT6OM\" frameborder=\"0\" marginwidth=\"0\" marginheight=\"0\" scrolling=\"no\" class=\"wp-embedded-content\"><\/iframe><script>\n\/*! This file is auto-generated *\/\n!function(d,l){\"use strict\";l.querySelector&&d.addEventListener&&\"undefined\"!=typeof URL&&(d.wp=d.wp||{},d.wp.receiveEmbedMessage||(d.wp.receiveEmbedMessage=function(e){var t=e.data;if((t||t.secret||t.message||t.value)&&!\/[^a-zA-Z0-9]\/.test(t.secret)){for(var s,r,n,a=l.querySelectorAll('iframe[data-secret=\"'+t.secret+'\"]'),o=l.querySelectorAll('blockquote[data-secret=\"'+t.secret+'\"]'),c=new RegExp(\"^https?:$\",\"i\"),i=0;i<o.length;i++)o[i].style.display=\"none\";for(i=0;i<a.length;i++)s=a[i],e.source===s.contentWindow&&(s.removeAttribute(\"style\"),\"height\"===t.message?(1e3<(r=parseInt(t.value,10))?r=1e3:~~r<200&&(r=200),s.height=r):\"link\"===t.message&&(r=new URL(s.getAttribute(\"src\")),n=new URL(t.value),c.test(n.protocol))&&n.host===r.host&&l.activeElement===s&&(d.top.location.href=t.value))}},d.addEventListener(\"message\",d.wp.receiveEmbedMessage,!1),l.addEventListener(\"DOMContentLoaded\",function(){for(var e,t,s=l.querySelectorAll(\"iframe.wp-embedded-content\"),r=0;r<s.length;r++)(t=(e=s[r]).getAttribute(\"data-secret\"))||(t=Math.random().toString(36).substring(2,12),e.src+=\"#?secret=\"+t,e.setAttribute(\"data-secret\",t)),e.contentWindow.postMessage({message:\"ready\",secret:t},\"*\")},!1)))}(window,document);\n\/\/# sourceURL=https:\/\/fecburgos.com\/wp-includes\/js\/wp-embed.min.js\n<\/script>\n","thumbnail_url":"https:\/\/fecburgos.com\/wp-content\/uploads\/2023\/03\/WhatsApp-Image-2023-03-22-at-09.02.06.jpeg","thumbnail_width":1600,"thumbnail_height":1200,"description":"El martes 21 de marzo se celebr\u00f3 la Asamblea General de la Federaci\u00f3n de Empresarios de Comercio de Burgos con el fin de aprobar la memoria de actuaci\u00f3n para el a\u00f1o 2023 y confirmar las cuentas del ejercicio 2022 previamente revisadas por los censores."}

El martes 21 de marzo se celebró la Asamblea General de la Federación de Empresarios de Comercio de Burgos con el fin de aprobar la memoria de actuación para el año 2023 y confirmar las cuentas del ejercicio 2022 previamente revisadas por los censores.
